uppose 4*h - q*h = -1, 2*h = -3*g + 70. List the prime factors of g.
2, 3
Let j(m) = 13*m - 6. Let q(g) = -g**3 - 10*g**2 - 2*g + 10. Let b be q(-10). Suppose 2*l = 7*l - b. List the prime factors of j(l).
2, 3
Let l(t) = 37*t**2. Let r be l(1). Suppose -r = -z + 17. Suppose 2*o + 0*o - z = 0. List the prime factors of o.
3
Let p(f) = 22*f**2 - f - 1. Let g = 45 + -46. List the prime factors of p(g).
2, 11
Suppose -25 = -4*w - 5*z, 0*w - 2*w + 13 = 3*z. Let s be -5*30/25*(-2)/4. Suppose w = s*b - 1. What are the prime factors of b?
2
Suppose 5*b - 36 = 3*b. Let j be 2/(-9) + (-1220)/b. List the prime factors of ((-2)/8)/(1/j).
17
Let y be (-4 + 11)/1 - 3. Suppose -3*w = -4*n - y*w + 688, 2*n - 338 = w. List the prime factors of n.
3, 19
Suppose 0 = -y + 5*a - 15, a - 8 = -y + 1. Suppose -4*p - g + 2 - 1 = 0, -y*g + 5 = 0. Suppose p = -q - q + 6. What are the prime factors of q?
3
Let c(i) = -i**3 + i**2. Let l(z) = -z**3 + 2*z**2 - 4. Let x(j) = -3*c(j) + l(j). Let y be x(3). Let h = -29 + y. What are the prime factors of h?
2, 3
Let o = 30 + -30. Let h be (0/1)/(-1 + 3). Suppose h = -5*x - 2*y + 82, o = -2*y - 5 - 3. List the prime factors of x.
2, 3
Let q = 5596 - 3689. List the prime factors of q.
1907
Suppose 0 = 4*z - 16 - 4. Suppose z*x + 2 = o, -4*o = -0*o - 3*x - 76. Let a = 26 - o. List the prime factors of a.
2
Suppose -16 = 10*b + 84. Let o(m) = m**2 + 3*m + 1. What are the prime factors of o(b)?
71
Let k(m) = 5*m**2 + 3*m - 192. Let n(z) = 2*z**2 + z - 64. Let l(b) = -3*k(b) + 8*n(b). List the prime factors of l(0).
2
Let v(a) = -16*a - 33. Let k be v(-2). Let z(m) = -35*m - 1 + 2 - 3. List the prime factors of z(k).
3, 11
Let f(d) = -d + 3. Let r be f(4). Let g be 2 + -2 + 3 - r. Suppose -2*y + p = -3, g*y - p - 4 = 3*p. What are the prime factors of y?
2
Suppose 0 = -3*j + 6, 4*q + 4*j - 20 = -0*q. What are the prime factors of (-158)/(-6) - (-2)/q?
3
Suppose -8 = -5*u + 17. Let f = u - 1. What are the prime factors of f?
2
Let u = 583 - 48. List the prime factors of u.
5, 107
Let s = -9 + 7. Let t be 68/(s - 0 - -3). Suppose -t = -4*j + 2*x - 6*x, 2*x = 10. List the prime factors of j.
2, 3
Let p = -121 - -106. List the prime factors of (-5)/(p/834) + (12 - 15).
5, 11
Suppose 0*z = z + 2*v, -4 = 4*v. Suppose 0 = l - z*l. Suppose -2*i - 3 + 21 = l. List the prime factors of i.
3
Let i be -4 - (-4 - 256)/(-4). What are the prime factors of (i + 2)*(-1)/1?
67
Suppose 4*h = 5*h - 73. Suppose w - m = -1 + h, -2*w = 4*m - 150. List the prime factors of w.
73
List the prime factors of ((-2)/2)/(1/(-1393)).
7, 199
Suppose 6 = 4*l - 2. Suppose l*a - 7*a = -45. Suppose 12 = 3*z - a. What are the prime factors of z?
7
Let q be 45 + (24/10 - (-6)/(-15)). Suppose 5*n = m - 48 - q, -2*n = 3*m - 319. List the prime factors of m.
3, 5, 7
What are the prime factors of -2 + 1494 + ((-12)/4)/3?
3, 7, 71
Let d(k) be the third derivative of -k**6/60 - k**5/15 + k**4/4 + 2*k**3/3 - k**2. Let l be d(-4). Let x = l + -30. List the prime factors of x.
2, 7
Let d = 1639 - 946. List the prime factors of d.
3, 7, 11
Let k be (-61)/(-3) - 1/3. Let g be 5/k + (-110)/(-8). What are the prime factors of ((-8)/5)/(g/(-35))?
2
Suppose 3*f - 3*p + 45 = 0, -2*f = 5*p + 76 - 18. Suppose -3*o - 3 = 0, 0*r + 5*r - 138 = 3*o. Let s = f + r. List the prime factors of s.
2
Let r(m) = -2*m**2 + 19*m - 4. Let p be r(13). Let b = 143 + p. Suppose j - 4*y = 33, 0*j - b = -2*j + 2*y. List the prime factors of j.
3, 7
Suppose -12 + 2 = 2*k. What are the prime factors of (k/(-2))/(3/6)?
5
Let n be -1*2*(3 + 0 + -4). Suppose n*x + 15 = 199. List the prime factors of x.
2, 23
Let h = 4 + -9. Let t be (3 + (h - -2))/2. Suppose t = b + 4*b + 2*k - 70, -2*k = 4*b - 56. List the prime factors of b.
2, 7
Let a(s) = -s**2 + 11*s - 11. Let g be a(9). Let c(n) = -n**3 + 7*n**2 + 23. What are the prime factors of c(g)?
23
Suppose -9*d = -8*d + 15. Let h be -306*((-40)/d - 4). List the prime factors of -3 + 3 + h/6.
2, 17
Let u = 29 + -15. Suppose 0*t + 5*t + 58 = -4*k, -2*k - u = t. What are the prime factors of (-10)/4*32/t?
2
Let w(v) = 16*v - 5. Let a(n) = -n**3 - 9*n**2 - 14*n + 5. Let c be a(-7). List the prime factors of w(c).
3, 5
Let q(o) = -o**3 - 11*o**2 - 8*o + 10. Let r be q(-10). Let d be r/15 + (-14)/(-3). Suppose -2*k + 10 + d = 0. List the prime factors of k.
7
Let w be -1 + 2*2/4. Suppose -136 = -w*f - 4*f. Suppose d = 2*d - f. List the prime factors of d.
2, 17
Let i = 721 - 495. List the prime factors of i.
2, 113
List the prime factors of 1943 + (-12)/(-14)*7.
1949
Let a be (21/(-35))/(1/15). Let m be (2/(-3))/(a/1809). Suppose d + 111 - 14 = 4*w, 3*d = -5*w + m. List the prime factors of w.
5
What are the prime factors of 1798 + (0/4)/((-1)/1)?
2, 29, 31
Let o = 1 - -53. Suppose 2*b - 32 = o. What are the prime factors of b?
43
Let h = 9 + -12. Let o(g) = -4*g**3 + g**2 + 2. What are the prime factors of o(h)?
7, 17
Let t = 269 + -378. Let f = -55 - t. What are the prime factors of f?
2, 3
Let i = -37 + 39. Suppose i*c - 22 = 34. List the prime factors of c.
2, 7
Let l(n) = 8*n - 20*n**2 + 8 + 51*n**2 - 25*n**2 - n**3. Suppose 0 = -5*d - 3*o + 19 + 22, -2*d + 8 = -3*o. What are the prime factors of l(d)?
3, 5
Let u(v) = 400*v**2 - v - 2. Let f be u(-1). Let c be f/15 - 4/(-10). Suppose 0 = 2*j - z - 16, 5*j - c = -0*j - 4*z. List the prime factors of j.
7
Suppose -2064 = 16*f - 0*f. Let q = f + 251. What are the prime factors of q?
2, 61
Let g be 1/(-1) + (-4 - -10). Suppose 0 = h + 4*z - 1, g*h - h = 5*z + 67. Let l = h - 6. What are the prime factors of l?
7
Let b(v) = v**2 - 14*v - 13. Let z be b(15). Suppose 285 = 5*c + 5*o, z*c + 5*o = 5*c - 131. List the prime factors of c.
2, 13
Let n be (4 + -1 + 3)*32/48. Let f be 0 - (-33 - -1*2). Suppose 2*t - 2*x - 62 = x, -t - n*x + f = 0. What are the prime factors of t?
31
Suppose 3*i + j - 11630 = 0, -2 = -4*j + 6. What are the prime factors of i?
2, 3, 17, 19
What are the prime factors of 4/(-20) - (8373/(-15) + 3)?
3, 5, 37
Suppose 5*s + 15 = 0, 2*z - 722 = -3*z - s. List the prime factors of z.
5, 29
Let r = 734 + -444. What are the prime factors of r?
2, 5, 29
Let h = -34 - -33. List the prime factors of h*59*(-1 + 0).
59
Let d be (40/25)/(-2 - 282/(-140)). List the prime factors of 1296/d + 3/7.
2, 3
Let a(k) = -k**2 + 17 + 6 + 3 + 20*k. What are the prime factors of a(11)?
5
Let j be (-8)/12*21/(-2). Suppose -j*p - 90 = -p. What are the prime factors of (54/p)/((-1)/5)?
2, 3
Suppose -2*z - 48 = -2*r - 0*r, -z = 3*r - 88. Let f = 16 - r. List the prime factors of (-464)/f - 2/(-6).
3, 13
Suppose 0*i - 5*i - 50 = 0. Let y = 58 + i. Suppose -g = 5*f - 43, -3*g + 5*f = -161 - y. What are the prime factors of g?
3, 7
Let w = 43 + -39. Suppose 0 = 2*l + 5*m - 234, m - 488 = -4*l - w*m. What are the prime factors of l?
127
Let s(d) = -724*d - 4. Let v be s(-2). Suppose -11*i + v = 201. What are the prime factors of i?
113
List the prime factors of (-5248)/(-192) + (-2)/6.
3
Let d(q) = 9*q**2 - 2*q + q + 11*q**2 - 10*q**2 + 7 + q**3. What are the prime factors of d(-9)?
97
Let a(w) be the first derivative of -w**5/60 + w**4/2 - 2*w**3/3 - w**2 - 5. Let j(b) be the second derivative of a(b). What are the prime factors of j(11)?
7
Let q(m) be the second derivative of 7*m**5/20 + m**4/6 - m**3/3 - m**2/2 + 3*m. List the prime factors of q(1).
2, 3
Let v(u) = 7*u - 68. List the prime factors of v(14).
2, 3, 5
Let b be (-4 - -6) + -1 + 1. Suppose 3*a + b*a - 335 = 0. What are the prime factors of a?
67
Let t(u) = 59*u**2 + 2*u - 8. What are the prime factors of t(3)?
23
Let j(l) = -l**3 - 7*l**2 - 5*l + 8. Let m be j(-6). Suppose m*w + w = -4*g + 478, -3*g + 344 = -5*w. List the prime factors of g.
2, 59
Suppose 41*a - 24 = -2*o + 39*a, -4*o - a = -57. List the prime factors of o.
3, 5
Let r be (-3)/(-6)*0/3. Suppose r = 3*x - 5*x. Suppose n + 1 - 5 = x. List the prime factors of n.
2
Let k be 6/(-12)*4*3. Let g = -3 - k. Suppose -n - 18 = -3*b, 3*b - 4*n - 6 - g = 0. List the prime factors of b.
7
Let x = 910 - 566. What are the prime factors of x?
2, 43
Suppose -5*x + 25 = 0, 5*f - 5*x - 2129 = 10206. List the prime factors of f.
2, 3, 103
Let g = -337 - -357. List the prime factors of g.
2, 5
Let p(b) = -3*b - 11. Le